{"id":825,"date":"2024-08-12T09:13:30","date_gmt":"2024-08-12T07:13:30","guid":{"rendered":"https:\/\/demat.si\/?page_id=825"},"modified":"2024-10-02T15:59:08","modified_gmt":"2024-10-02T13:59:08","slug":"laserska-gravura","status":"publish","type":"page","link":"https:\/\/demat.si\/?page_id=825","title":{"rendered":"Laserska gravura"},"content":{"rendered":"<h3>Lasersko graviranje in izrezi \u2013 natan\u010dnost brez primere<\/h3>\n<p>Z najsodobnej\u0161o lasersko tehnologijo vam omogo\u010damo vrhunsko natan\u010dnost pri graviranju in izrezovanju na najrazli\u010dnej\u0161e materiale. Z na\u0161imi storitvami lahko graviramo besedila, slike in risbe, pa tudi izre\u017eemo izjemno kompleksne oblike, vse to z brezhibno natan\u010dnostjo.<\/p>\n<h4>Laserska obdelava po meri<\/h4>\n<p>Na\u0161a oprema omogo\u010da lasersko obdelavo materialov do velikosti 1000 x 600 mm, kar zajema \u0161irok spekter graviranja in izrezov. Nudimo naslednje storitve:<\/p>\n<ul>\n<li><strong>Izrez kartona in papirja (bela lepenka do 2mm)<br \/>\n<\/strong><\/li>\n<li><strong>Graviranje in izrez akrilnega stekla (pleksi do 15mm)<\/strong> \u2013 tako plitvo kot globoko graviranje<\/li>\n<li><strong>Izrez bomba\u017enih in drugih tkanin<\/strong> \u2013 ustvarjanje natan\u010dnih tekstilnih izdelkov<\/li>\n<li><strong>Izrezi in zarezovanje samolepilnih nalepk<\/strong> \u2013 oblikovane po va\u0161ih specifikacijah<\/li>\n<li><strong>Izrez puzzle sestavljank<\/strong> \u2013 popolnoma prilagodljive oblike<\/li>\n<\/ul>\n<h4>Oblikovanje po meri<\/h4>\n<p>Na va\u0161o \u017eeljo oblikujemo, natisnemo in izre\u017eemo reklamne in predstavitvene karton\u010dke, nalepke, letake, panoje in \u0161e ve\u010d \u2013 vse v edinstvenih oblikah in iz materialov po va\u0161i izbiri.<\/p>\n<h4>\u0160irok nabor materialov<\/h4>\n<p>Lasersko obdelujemo razli\u010dne materiale, vklju\u010dno s papirjem, lesom, akrilnim steklom, dolo\u010denimi plasti\u010dnimi masami, tkaninami in eloksiranim aluminijem.<\/p>\n","protected":false},"excerpt":{"rendered":"<p>Lasersko graviranje in izrezi \u2013 natan\u010dnost brez primere Z najsodobnej\u0161o lasersko tehnologijo vam omogo\u010damo vrhunsko natan\u010dnost pri graviranju in izrezovanju na najrazli\u010dnej\u0161e materiale. Z na\u0161imi storitvami lahko graviramo besedila, slike in risbe, pa tudi izre\u017eemo izjemno kompleksne oblike, vse to z brezhibno natan\u010dnostjo. Laserska obdelava po meri Na\u0161a oprema omogo\u010da lasersko obdelavo materialov do velikosti [&hellip;]<\/p>\n","protected":false},"author":1,"featured_media":0,"parent":0,"menu_order":0,"comment_status":"closed","ping_status":"closed","template":"","meta":{"rank_math_lock_modified_date":false,"footnotes":""},"class_list":["post-825","page","type-page","status-publish","czr-hentry"],"_links":{"self":[{"href":"https:\/\/demat.si\/index.php?rest_route=\/wp\/v2\/pages\/825"}],"collection":[{"href":"https:\/\/demat.si\/index.php?rest_route=\/wp\/v2\/pages"}],"about":[{"href":"https:\/\/demat.si\/index.php?rest_route=\/wp\/v2\/types\/page"}],"author":[{"embeddable":true,"href":"https:\/\/demat.si\/index.php?rest_route=\/wp\/v2\/users\/1"}],"replies":[{"embeddable":true,"href":"https:\/\/demat.si\/index.php?rest_route=%2Fwp%2Fv2%2Fcomments&post=825"}],"version-history":[{"count":4,"href":"https:\/\/demat.si\/index.php?rest_route=\/wp\/v2\/pages\/825\/revisions"}],"predecessor-version":[{"id":1241,"href":"https:\/\/demat.si\/index.php?rest_route=\/wp\/v2\/pages\/825\/revisions\/1241"}],"wp:attachment":[{"href":"https:\/\/demat.si\/index.php?rest_route=%2Fwp%2Fv2%2Fmedia&parent=825"}],"curies":[{"name":"wp","href":"https:\/\/api.w.org\/{rel}","templated":true}]}}